at is the tens digit of u?
3
Let l = -341 - -768. What is the units digit of l?
7
Suppose 0 = 21*y - 12135 - 38601. What is the tens digit of y?
1
Let x(d) = d**2 + 33*d - 93. What is the hundreds digit of x(-39)?
1
Suppose -4 = 14*f - 16*f. Suppose -6*a = -f*a - 152. What is the units digit of a?
8
Let l(n) = n**3 - 3*n**2 - n - 8. Let i be l(4). Suppose u + 0 = i. Suppose 2*d = 2*j - 0 - 2, 19 = u*j + d. What is the units digit of j?
4
Suppose -81 + 821 = -5*d. Let h = -77 - d. What is the tens digit of h?
7
What is the tens digit of (36/7)/9 + 493/7?
7
Let i = -485 + 1219. What is the tens digit of i?
3
Let v(g) = 2*g**2 - 24*g - 14. What is the units digit of v(-12)?
2
Let j = 2 + -8. Let r be (12/(-7))/(j/63). Suppose -2*w + 24 = -r. What is the tens digit of w?
2
Suppose 2*y + 47 = 5*m - 8, 4*m + 3*y = 21. Suppose 3*g = 2*h - m, 0 = 2*h - 6*h - g + 53. What is the units digit of h?
2
Let p(w) = 9*w + 25. Let c(j) = -4*j - 12. Let m(y) = -5*c(y) - 2*p(y). Let t = 219 - 213. What is the units digit of m(t)?
2
Suppose -4*s + 0*s = 32. Let n be s/20 + 24/10. What is the units digit of 4/4*22*n?
4
Let t(c) = -c + 18. Let u be t(0). What is the tens digit of u/6 - 1*-82?
8
Let j be 3/12 + 3/4. Let n = j - 8. Let k = n + 26. What is the units digit of k?
9
Let j = 148 + -143. Suppose -5*n + 117 = d - 0*n, 0 = j*d + 5*n - 485. What is the tens digit of d?
9
Let n(d) = 2*d**2 + 3*d - 14. What is the tens digit of n(6)?
7
What is the tens digit of (-17264)/(-14)*(-42)/(-12)?
1
Suppose -76 + 286 = -4*t - 2*z, 0 = 4*t - 4*z + 240. Let i be t/(-5) + -2 + 1. Suppose -l - 9*d = -4*d + 15, l = -4*d - i. What is the tens digit of l?
1
Let c(p) = p**3 - 11*p**2 - 11*p + 17. Suppose 74 = -2*z - 3*u, 4*z - 2*u = -76 - 40. Let a = -19 - z. What is the units digit of c(a)?
9
Suppose 33 = 5*d + 6*d. Suppose 2*o = 3*o - 2, -3*l - 3*o + 18 = 0. Suppose -l*f + 26 = -d*f. What is the units digit of f?
6
Let s(z) = z**2 - 8*z + 19. Let k be s(-18). Let b = -252 + k. What is the units digit of b?
5
Let h(y) = 3 - 26*y - 2 + 0*y. What is the units digit of h(-2)?
3
Let s = -9 + 1. Let f = 41 + -15. Let o = f + s. What is the units digit of o?
8
Let k be 0/2 - (-354 + -8). Let y = k - 137. What is the tens digit of y?
2
Let c(h) = 2*h**2 + 11*h - 3. Let p be c(-6). Suppose 4*n - p*r - 425 = 0, 0 = -3*n - 4*r + 131 + 219. What is the tens digit of n?
1
Suppose -3*z - 16 = -o + 2*z, -o = 3*z - 8. What is the tens digit of o?
1
Let l be (1/(-2))/(3/30). Let v = -2 - l. What is the units digit of 0 + v + (-26)/(-2)?
6
Let w(s) = -s**2 + s**2 - 2*s**2 + 1 - 41*s**3 - 37*s**3. What is the tens digit of w(-1)?
7
Let u(k) = -k**2 + 10*k + 44. Let c be u(13). Suppose -s - 3*g + 37 = 2*g, 2*s + c*g = 64. What is the tens digit of s?
2
Let u be 9*2/6 - -5. Let f = -6 + u. Suppose -3*g + 171 = -f*o, -5*o = g - 0*o - 57. What is the tens digit of g?
5
Let u be -28*((-338)/63 + 30/135). Suppose y + u = 2*d, 3*d = -0*y - 3*y + 225. What is the tens digit of d?
7
Suppose 44*m = 18*m + 5434. What is the tens digit of m?
0
Let o(p) be the second derivative of -p**5/20 - p**4/12 - p**3/6 + 3*p**2/2 - 7*p. Let q be o(-3). Let b = q + -5. What is the tens digit of b?
1
Suppose 10117 + 7001 = 18*u. What is the hundreds digit of u?
9
Let u(x) = -3*x + 3. Let h be u(-6). Let d be (h/9 - 3)*-3. What is the units digit of (-3)/d*-1*6?
9
Let i = -4957 - -7385. What is the thousands digit of i?
2
Let m(u) = u - 5. Suppose 32 = -3*k - c, 3*k + 5*c - 44 = 5*k. Let b = 24 + k. What is the units digit of m(b)?
7
Suppose -159*h + p = -163*h + 16793, -h + 4197 = -p. What is the hundreds digit of h?
1
Let v(j) = -j**2 + 7*j - 6. Let x be v(6). Let g = 19 + -15. Suppose x = -g*t + 4. What is the units digit of t?
1
Let k = -6 - 6. Let o = k - -12. What is the tens digit of 0/5 + (25 - o)?
2
Suppose 0 = -3*w - r - 22, -5*w - r - 31 = 3. Suppose 8*k - 819 = k. What is the units digit of ((-10)/3)/(w/k)?
5
Let a = 13 + -15. What is the units digit of (-64)/a + 0 + 2?
4
Let l(w) = w**3 - 24*w**2 + 2*w - 16. What is the tens digit of l(24)?
3
Suppose -y - p = 52, 15 = -0*p - 5*p. Let h = -9 - y. What is the tens digit of h?
4
Let k = 4641 + -3014. What is the tens digit of k?
2
Let d = 73 + -122. Let x = -4 - d. What is the units digit of x?
5
Suppose 3*w + 2*r - 917 - 1602 = 0, w + 3*r = 842. What is the units digit of w?
9
Suppose -4*r + 5*a + 275 = -r, 3*r + 5*a - 235 = 0. Let n = 28 + r. What is the tens digit of n?
1
Let c(m) = 2*m**2 - 8*m - 9. Let q be c(7). Let v = -15 + q. What is the tens digit of v?
1
Let y be 2/4 - 14/(-4). Suppose 104 = 3*j - 2*c, -y*j = 4*c - 4 - 148. What is the tens digit of j?
3
Let t be (-15)/10*16/(-6). Suppose 0*y + t*h - 77 = -y, h = 3. What is the tens digit of y?
6
Let g = -29 + 16. Let x = 16 + g. What is the units digit of x?
3
Let n be (5/10)/((-2)/4). Let p be n + (2 + 3 - -3). Suppose -p*v + 128 = -3*v. What is the units digit of v?
2
Let d be (34/(-6))/(56/18 - 3). Let o = 100 + d. What is the tens digit of o?
4
Let p(n) = 0 + 16*n**2 - 8*n + 2*n + 2 - 15*n**2. Let v be p(6). What is the tens digit of 3/(33/(-18) + v)?
1
Suppose -135 = 3*b - 4*b. Suppose -4*l + 3*l + 125 = 5*i, l - 5*i - b = 0. What is the units digit of l?
0
Let r = 12 + -6. What is the tens digit of r/(-9)*132/(-2)?
4
Suppose d + 2*f = -7, 2*d - d = -4*f - 17. Suppose 0*v - 109 = -v. Suppose -2*t - 29 = -d*t + 2*w, -5*t + v = -w. What is the units digit of t?
1
Suppose 0 = -5*b + 5*x + 5446 + 1014, 3877 = 3*b - 4*x. What is the hundreds digit of b?
2
Suppose 234*g - 229*g - 23330 = 0. What is the units digit of g?
6
Suppose n + 6*n - 77 = 0. Let y = n - 7. What is the units digit of (1 - y - -64)/1?
1
Let x = 432 - 286. Suppose x = -10*t + 756. What is the tens digit of t?
6
Let i be 1 - (4*-1 + 0 + 1). Suppose -415 = -i*k - k. What is the units digit of k?
3
Let d be 8/2 + 4 + -5. Suppose -m = 3*k - 6*k + 174, 0 = 2*k - d*m - 109. What is the tens digit of k?
5
Let y(q) = 4*q**2 + 3*q + 5. Let m(n) = -9*n**2 - 7*n - 9. Let v(k) = 3*m(k) + 7*y(k). What is the units digit of v(0)?
8
Let n(h) = h**3 + 5*h**2 + 13*h + 3. Let q be n(-5). Let m = q - -116. What is the tens digit of m?
5
Let w(s) = -3*s - 7. Let q be w(-4). Suppose 3*p = -2*g + 395, p + p - 257 = q*g. What is the hundreds digit of p?
1
Suppose v - 3 - 1 = 0, 14 = 2*x - v. What is the tens digit of ((-126)/24)/(x/(-24))?
1
Let q = 33 - 13. Let f = -34 + q. Let s = 16 + f. What is the units digit of s?
2
Suppose 195 = -3*c - 2*c. Let d be 4/12 - c/(-9). What is the units digit of (9/d)/((-24)/128)?
2
Suppose -7*o + 131 = -65. Suppose o*q = 24*q + 1136. What is the tens digit of q?
8
Let v = -6 + 8. Suppose v*f = 269 - 45. Suppose l - f = -3*l. What is the tens digit of l?
2
Suppose -41*f + 4 = -2*s - 37*f, -5*s - 2*f + 14 = 0. What is the units digit of s?
2
Let w(l) = -l**3 + 6*l**2 + 8*l - 6. Let q be w(7). Let p = 1 + -1. Let d = p + q. What is the units digit of d?
1
Let z = 118 + -76. Let p = 10 + -7. Suppose -2*m - m + 3*n + 36 = 0, -n = -p*m + z. What is the units digit of m?
5
Let q = 882 - -371. What is the tens digit of q?
5
Let q be (-36)/(-15)*(-300)/18. Let h = 92 + q. Suppose h - 2 = 5*u. What is the units digit of u?
0
Let x(v) = 18*v**2 + v - 1. Let p = -15 + 16. Let g be x(p). What is the units digit of (g/(-4))/(3/(-6))?
9
Let d(c) = -c - 11. Let v be d(-14). Suppose -k - 5*w + 12 = -8, -v*k - 5*w = -80. What is the units digit of k?
0
Let h = -222 - -251. What is the units digit of h?
9
Suppose -3*r - 4*c + 4475 = -0*r, 0 = -3*c - 3. What is the tens digit of r?
9
Let a(f) = 1 + 7*f + 0 - 5 - f**2. Let q be a(7). What is the units digit of (q/2 - -10) + 3?
1
Let h be (1 + -61)*32/(-12). Suppose h = -5*f + 5*a, -3*f - 3*a = 85 + 5. Let w = 58 + f. What is the units digit of w?
7
Let t(c) = 0*c + 67 - 2*c + 14*c**3 - 15*c**3. What is the units digit of t(0)?
7
Let h = -802 - -1281. Suppose 73 = -2*p + h. What is the tens digit of p?
0
Suppose -4*x - 36 - 20 = 0. Let n = -23 - x. Let i(u) = -u**2 - 15*u - 14. What is the tens digit of i(n)?
4
Let h be 3 - -2 - (-12)/(-6). Suppose 3*l - 2*n = 575, -3*l - h*n = l - 795. Suppose 5*d + 5 - l = 0. What is the tens digit of d?
3
Let a be (2/4)/(2/88). Let b = a - -44. Su